t is 4 - -54?
58
In base 4, what is -211 - 0?
-211
In base 6, what is 343 - 4?
335
In base 12, what is -b - -495?
486
In base 11, what is -9575 + 1?
-9574
In base 14, what is 36d - -3?
372
In base 13, what is 1 + -64?
-63
In base 10, what is -261 + 3?
-258
In base 4, what is 303 + 3?
312
In base 4, what is 1 + 13303?
13310
In base 2, what is 100111010100 + 11?
100111010111
In base 16, what is 19d + -3?
19a
In base 7, what is -24 + -264?
-321
In base 5, what is 302 - 10?
242
In base 4, what is 2 + 1012?
1020
In base 11, what is -23 - 0?
-23
In base 9, what is -5 + -4600?
-4605
In base 8, what is 357 - 35?
322
In base 15, what is 1403 + 5?
1408
In base 10, what is 5 + 74?
79
In base 16, what is 156 + 2?
158
In base 13, what is 3 + -20c?
-209
In base 12, what is -3 - -18?
15
In base 7, what is -23 - -5?
-15
In base 10, what is 13 - -62?
75
In base 9, what is 14 + -111?
-86
In base 15, what is -b3d + 3?
-b3a
In base 15, what is -2 - 73?
-75
In base 9, what is 1 - 178?
-177
In base 14, what is -2 + -24a?
-24c
In base 9, what is 3 + -6606?
-6603
In base 11, what is 420 + 0?
420
In base 5, what is -20 - -14?
-1
In base 2, what is -1 - 110101011?
-110101100
In base 10, what is -897 - 7?
-904
In base 9, what is 5 + 5?
11
In base 13, what is 0 + 1a99?
1a99
In base 3, what is -21 + -12020022?
-12020120
In base 7, what is 3 - -21?
24
In base 12, what is 166a + -3?
1667
In base 11, what is 65a + 9?
668
In base 2, what is 1111 + -111?
1000
In base 5, what is -23244 + -10?
-23304
In base 5, what is -114 + -2?
-121
In base 13, what is -3 + 3c0?
3ba
In base 9, what is 278 + 1?
280
In base 9, what is 124 - 22?
102
In base 11, what is -a + -704?
-713
In base 4, what is -12 + 32001?
31323
In base 4, what is -13 - -1030?
1011
In base 13, what is 15c2 + -2?
15c0
In base 15, what is 0 - 34?
-34
In base 15, what is -83 - 4?
-87
In base 3, what is 1110012 + 10?
1110022
In base 12, what is -4 + -65?
-69
In base 15, what is 6 - 94?
-8d
In base 11, what is -49 - 21?
-6a
In base 8, what is -1 + 20513?
20512
In base 13, what is 23 + 101?
124
In base 14, what is 170a - -1?
170b
In base 3, what is 2 + 222200?
222202
In base 3, what is 10 + -120201?
-120121
In base 5, what is -121 + 3?
-113
In base 12, what is 2 - 1929?
-1927
In base 9, what is 2354 + 4?
2358
In base 9, what is -35 - 3?
-38
In base 4, what is -210 - -211?
1
In base 10, what is 232 + -2?
230
In base 3, what is -1011202 + 0?
-1011202
In base 7, what is -1 + -1614?
-1615
In base 6, what is -2 - 142?
-144
In base 2, what is -1010101 + 11010000?
1111011
In base 7, what is 0 - -102?
102
In base 16, what is -1d - 0?
-1d
In base 5, what is 1 + 422?
423
In base 3, what is 10 + 120011?
120021
In base 4, what is 1 + -103?
-102
In base 11, what is 4 - -8a?
93
In base 16, what is -1 - -7a?
79
In base 6, what is -5 + -130?
-135
In base 14, what is 49 + -c?
3b
In base 15, what is -1 + -124c?
-124d
In base 2, what is 1010001000010 - 11?
1010000111111
In base 13, what is -c + 6?
-6
In base 13, what is 78 + a5?
150
In base 13, what is 10 - 15?
-5
In base 7, what is -26234 + -5?
-26242
In base 3, what is 11 - -1120001?
1120012
In base 12, what is 273 + 30?
2a3
In base 7, what is -160 + 24?
-133
In base 14, what is -a - 10?
-1a
In base 4, what is -101121 + 1?
-101120
In base 2, what is -100 + 110011001?
110010101
In base 4, what is -11 - 1012200?
-1012211
In base 14, what is a2 - 8?
98
In base 6, what is 1 + 1304?
1305
In base 7, what is 30 - 5?
22
In base 16, what is 9 + 328?
331
In base 2, what is -111110011 + 101?
-111101110
In base 11, what is 5 + 707?
711
In base 7, what is -26 + -610?
-636
In base 6, what is -1 + -142?
-143
In base 11, what is 5 + -578?
-573
In base 8, what is -7633 - -3?
-7630
In base 7, what is -122 - 11?
-133
In base 4, what is 0 - -131?
131
In base 6, what is -20310 - 2?
-20312
In base 13, what is -35 + -149?
-181
In base 3, what is -111 + -2?
-120
In base 8, what is -374 - -5?
-367
In base 8, what is -6 + -335?
-343
In base 3, what is 10101 + 10?
10111
In base 6, what is -20 + -1231?
-1251
In base 15, what is 2 + -a37?
-a35
In base 2, what is 10 - 111001001?
-111000111
In base 13, what is 5 + 4101?
4106
In base 14, what is -12 - 4a?
-5c
In base 5, what is 10 - 10312?
-10302
In base 15, what is 4 - 83?
-7e
In base 6, what is 0 - -1342?
1342
In base 10, what is -2594 - 0?
-2594
In base 14, what is b + 0?
b
In base 14, what is 42 - -4?
46
In base 8, what is 11232 + 1?
11233
In base 11, what is 307 + 1a?
326
In base 6, what is 54 - 24?
30
In base 15, what is 6a - -5?
70
In base 5, what is 111 - -2?
113
In base 6, what is 2 + -203?
-201
In base 12, what is 7645 + 4?
7649
In base 10, what is -4 + -14?
-18
In base 6, what is -240 - -5?
-231
In base 14, what is 1b8 - 3?
1b5
In base 11, what is -8 + -34?
-41
In base 8, what is -33 - 142?
-175
In base 4, what is -110011330 - -1?
-110011323
In base 16, what is -1af + 0?
-1af
In base 3, what is 111 - -1020?
1201
In base 6, what is -1323 + -1?
-1324
In base 3, what is -2112 - -2211?
22
In base 6, what is -5 + 1503?
1454
In base 4, what is 1111 + 111?
1222
In base 12, what is 70 + 30?
a0
In base 11, what is 30a7 + 4?
3100
In base 15, what is e - -182?
191
In base 4, what is -202 + 0?
-202
In base 5, what is 10032 + -3?
10024
In base 14, what is 3 + -107?
-104
In base 8, what is -106 - -2?
-104
In base 12, what is 4 + -379?
-375
In base 9, what is 1058 - 0?
1058
In base 6, what is -55 - -232?
133
In base 3, what is -2101 + -11?
-2112
In base 13, what is 6c - 1?
6b
In base 12, what is 115 + 19?
132
In base 6, what is -1200 - 0?
-1200
In base 15, what is -1 - 16?
-17
In base 2, what is 1000 + -11100?
-10100
In base 5, what is 10 + -102130?
-102120
In base 4, what is -30 - 23?
-113
In base 13, what is 0 + a?
a
In base 15, what is -e61 + -2?
-e63
In base 11, what is 18 + -466?
-449
In base 16, what is 363 - -1f?
382
In base 10, what is 3 - 3?
0
In base 8, what is -220 - -2?
-216
In base 6, what is 3 - 252?
-245
In base 10, what is -13 - 1145?
-1158
In base 16, what is -5 + b5?
b0
In base 8, what is 60 + 21?
101
In base 10, what is 5 - -350?
355
In base 11, what is 2723 + 4?
2727
In base 6, what is 410 + 4?
414
In base 6, what is 1414 + -1?
1413
In base 12, what is 3 + 49?
50
In base 16, what is 2a7 - 3?
2a4
In base 5, what is 1144 - 2?
1142
In base 8, what is -1377 - 3?
-1402
In base 2, what is 100 + 111101?
1000001
In base 16, what is -5 - -e2?
dd
In base 15, what is 4a - 7?
43
In base 5, what is 10 + -41?
-31
In base 15, what is 1 + -a21?
-a20
In base 14, what is 5 + -589?
-584
In base 10, what is 0 - -5806?
5806
In base 4, what is 23102012 - -10?
23102022
In base 11, what is -153 + -2?
-155
In base 7, what is -61 + 2?
-56
In base 2, what is 1010 - 1110111011?
-1110110001
In base 6, what is 211 - -12?
223
In base 3, what is -11212 - 0?
-11212
In base 13, what is -43 + -a3?
-116
In base 12, what is 2 - -1b7?
1b9
In base 3, what is 21 - 12010?
-11212
In base 14, what is 286 - 3?
283
In base 8, what is 24 + -46?
-22
In base 14, what is -12 - -178?
166
In base 6, what is -1 - -1223?
1222
In base 4, what is 3 - 11021?
-11012
In base 12, what is -78 - -5?
-73
In base 12, what is 1222 + 0?
1222
In base 8, what is 32 - 12?
20
In base 12, what is 82 + 46?
108
In base 2, what is -110100010 - -10011?
-110001111
In base 2, what is -1011 + 1011111000?
1011101101
In base 15, what is 4 - -8d?
92
In base 13, what is 35a + -5?
355
In base 9, what is -2 - 1444?
-1446
In base 13, what is 14 + -14?
0
In base 13, what is -1 + -c4?
-c5
In base 9, what is -1415 - 2?
-1417
In base 16, what is 345 - 5?
340
In base 3, what is -1 + -110112?
-110120
In base 9, what is 647 + 3?
651
In base 8, what is 457 + 20?
477
In base 7, what is 64 + -6?
55
In base 13, what is -6 + -28?
-31
In base 11, what is 8 - -1642?
164a
In base 11, what is 11617 - -1?
11618
In base 13, what is -1398 - -4?
-1394
In base 5, what is -11 + 31?
20
In base 6, what is 10 + 1110?
1120
In base 2, what is -10 - 11010?
-11100
In base 4, what is 22 + -32?
-10
In base 15, what is -3 + aa?
a7
In base 4, what is -23022 - -11?
-23011
In base 2, what is 10111 - 1100101?
-1001110
In base 16, what is -6 + -1f?
-25
In base 3, what is 0 + -20201?
-20201
In base 10, what is -338 - -5?
-333
In base 15, what is -2c3 - -7?
-2bb
In base 3, 